{"id":2,"date":"2018-10-15T20:12:20","date_gmt":"2018-10-15T18:12:20","guid":{"rendered":"http:\/\/versailles-avenir-formation.org\/?page_id=2"},"modified":"2025-04-07T08:43:03","modified_gmt":"2025-04-07T06:43:03","slug":"page-d-exemple","status":"publish","type":"page","link":"https:\/\/versailles-avenir-formation.org\/?page_id=2","title":{"rendered":"La Taxe d&rsquo;Apprentissage"},"content":{"rendered":"<div class=\"corps\">\n<p><strong>Attention, la taxe et sa r\u00e9partition ont encore chang\u00e9 !!!<\/strong><\/p>\n<p>La taxe d\u2019apprentissage (TA) est un imp\u00f4t calcul\u00e9 en fonction de la masse salariale de l\u2019entreprise (0,68%). Vous pouvez obtenir le d\u00e9tail du calcul sur <a href=\"https:\/\/ndg78-my.sharepoint.com\/:b:\/g\/personal\/p00968_nd-grandchamp_fr\/EaGGVSnkgy9FrhZblg9HbCUB4zng47pB4iqI_P5Bxw7EOA?e=6OkgjL\" target=\"_blank\" rel=\"noopener noreferrer\" data-wplink-edit=\"true\">La taxe en quelques mots<\/a><\/p>\n<p>L\u2019entreprise est d\u00e9sormais pr\u00e9lev\u00e9e directement par l&rsquo;Urssaf :<\/p>\n<ul>\n<li>87 % de la TA va ensuite \u00e0 son OPCO (Op\u00e9rateur de Comp\u00e9tence) en fonction de sa convention collective<\/li>\n<li>13 % de la TA va ensuite \u00e0 la Caisse des D\u00e9pots et Consignation. L&rsquo;entreprise devra faire son choix d&rsquo;\u00e9tablissements scolaires habilit\u00e9s sur leur outil SOLT\u00e9A<\/li>\n<\/ul>\n<p>C\u2019est une contribution indispensable au financement des formations initiales, technologiques et professionnelles : CAP, BEP, BAC PRO mais aussi BTS, DCG, DSCG.<\/p>\n<p>Compte tenu du nouveau mode de financement des CFA, cette fraction de 13 % <strong>ne peut pas financer les formations par l\u2019apprentissage<\/strong>.<\/p>\n<p>En effet, les ressources des \u00e9tablissements priv\u00e9s concern\u00e9s sont constitu\u00e9es :<\/p>\n<ul>\n<li>Des frais de scolarit\u00e9<\/li>\n<li>D\u2019une subvention de la R\u00e9gion qui ne couvre que le tiers des besoins.<\/li>\n<li>De la taxe d\u2019apprentissage.<\/li>\n<\/ul>\n<p>Sans cette taxe d\u2019apprentissage, les frais de scolarit\u00e9 augmenteraient donc consid\u00e9rablement.<\/p>\n<p>Il faut savoir en outre :<\/p>\n<ul>\n<li>Que l\u2019utilisation de la taxe d\u2019apprentissage est tr\u00e8s encadr\u00e9e par la Loi qui fixe les d\u00e9penses autoris\u00e9es et celles prohib\u00e9es. Un contr\u00f4le pr\u00e9cis est pr\u00e9vu et les infractions constat\u00e9es lourdement sanctionn\u00e9es.<\/li>\n<li>Que les d\u00e9penses d\u2019\u00e9quipement pour les formations habilit\u00e9es doivent repr\u00e9senter l\u2019essentiel de l\u2019utilisation de la taxe d\u2019apprentissage.<br \/>\nPar exemple, il ne peut s\u2019agir de mat\u00e9riel sportif ou d\u2019enseignement g\u00e9n\u00e9ral ou de mobilier administratif\u2026<\/li>\n<li>Que le mat\u00e9riel acquis au moyen de la taxe d\u2019apprentissage n\u2019est en aucun cas propri\u00e9t\u00e9 de l\u2019\u00e9tablissement. Il reste propri\u00e9t\u00e9 de l\u2019Etat.<\/li>\n<\/ul>\n<\/div>\n","protected":false},"excerpt":{"rendered":"<p>Attention, la taxe et sa r\u00e9partition ont encore chang\u00e9 !!! La taxe d\u2019apprentissage (TA) est un imp\u00f4t calcul\u00e9 en fonction de la masse salariale de l\u2019entreprise (0,68%). Vous pouvez obtenir <a class=\"more-link\" href=\"https:\/\/versailles-avenir-formation.org\/?page_id=2\">Continue Reading &rarr;<\/a><\/p>\n","protected":false},"author":1,"featured_media":0,"parent":0,"menu_order":2,"comment_status":"closed","ping_status":"open","template":"","meta":{"footnotes":""},"_links":{"self":[{"href":"https:\/\/versailles-avenir-formation.org\/index.php?rest_route=\/wp\/v2\/pages\/2"}],"collection":[{"href":"https:\/\/versailles-avenir-formation.org\/index.php?rest_route=\/wp\/v2\/pages"}],"about":[{"href":"https:\/\/versailles-avenir-formation.org\/index.php?rest_route=\/wp\/v2\/types\/page"}],"author":[{"embeddable":true,"href":"https:\/\/versailles-avenir-formation.org\/index.php?rest_route=\/wp\/v2\/users\/1"}],"replies":[{"embeddable":true,"href":"https:\/\/versailles-avenir-formation.org\/index.php?rest_route=%2Fwp%2Fv2%2Fcomments&post=2"}],"version-history":[{"count":28,"href":"https:\/\/versailles-avenir-formation.org\/index.php?rest_route=\/wp\/v2\/pages\/2\/revisions"}],"predecessor-version":[{"id":469,"href":"https:\/\/versailles-avenir-formation.org\/index.php?rest_route=\/wp\/v2\/pages\/2\/revisions\/469"}],"wp:attachment":[{"href":"https:\/\/versailles-avenir-formation.org\/index.php?rest_route=%2Fwp%2Fv2%2Fmedia&parent=2"}],"curies":[{"name":"wp","href":"https:\/\/api.w.org\/{rel}","templated":true}]}}

<div class="corps">
<p><strong>Attention, la taxe et sa répartition ont encore changé !!!</strong></p>
<p>La taxe d’apprentissage (TA) est un impôt calculé en fonction de la masse salariale de l’entreprise (0,68%). Vous pouvez obtenir le détail du calcul sur <a href="https://ndg78-my.sharepoint.com/:b:/g/personal/p00968_nd-grandchamp_fr/EaGGVSnkgy9FrhZblg9HbCUB4zng47pB4iqI_P5Bxw7EOA?e=6OkgjL" target="_blank" rel="noopener noreferrer" data-wplink-edit="true">La taxe en quelques mots</a></p>
<p>L’entreprise est désormais prélevée directement par l&rsquo;Urssaf :</p>
<ul>
<li>87 % de la TA va ensuite à son OPCO (Opérateur de Compétence) en fonction de sa convention collective</li>
<li>13 % de la TA va ensuite à la Caisse des Dépots et Consignation. L&rsquo;entreprise devra faire son choix d&rsquo;établissements scolaires habilités sur leur outil SOLTéA</li>
</ul>
<p>C’est une contribution indispensable au financement des formations initiales, technologiques et professionnelles : CAP, BEP, BAC PRO mais aussi BTS, DCG, DSCG.</p>
<p>Compte tenu du nouveau mode de financement des CFA, cette fraction de 13 % <strong>ne peut pas financer les formations par l’apprentissage</strong>.</p>
<p>En effet, les ressources des établissements privés concernés sont constituées :</p>
<ul>
<li>Des frais de scolarité</li>
<li>D’une subvention de la Région qui ne couvre que le tiers des besoins.</li>
<li>De la taxe d’apprentissage.</li>
</ul>
<p>Sans cette taxe d’apprentissage, les frais de scolarité augmenteraient donc considérablement.</p>
<p>Il faut savoir en outre :</p>
<ul>
<li>Que l’utilisation de la taxe d’apprentissage est très encadrée par la Loi qui fixe les dépenses autorisées et celles prohibées. Un contrôle précis est prévu et les infractions constatées lourdement sanctionnées.</li>
<li>Que les dépenses d’équipement pour les formations habilitées doivent représenter l’essentiel de l’utilisation de la taxe d’apprentissage.<br />
Par exemple, il ne peut s’agir de matériel sportif ou d’enseignement général ou de mobilier administratif…</li>
<li>Que le matériel acquis au moyen de la taxe d’apprentissage n’est en aucun cas propriété de l’établissement. Il reste propriété de l’Etat.</li>
</ul>
</div>

<p>Attention, la taxe et sa répartition ont encore changé !!! La taxe d’apprentissage (TA) est un impôt calculé en fonction de la masse salariale de l’entreprise (0,68%). Vous pouvez obtenir <a class="more-link" href="https://versailles-avenir-formation.org/?page_id=2">Continue Reading &rarr;</a></p>
